{"id":1452,"date":"2026-03-18T14:23:51","date_gmt":"2026-03-18T13:23:51","guid":{"rendered":"http:\/\/prodtest.bouji.fr\/?page_id=1452"},"modified":"2026-03-23T06:23:48","modified_gmt":"2026-03-23T05:23:48","slug":"signaler-un-probleme","status":"publish","type":"page","link":"https:\/\/prodtest.bouji.fr\/index.php\/signaler-un-probleme\/","title":{"rendered":"Signaler un probl\u00e8me"},"content":{"rendered":"\n<p>Vous avez constat\u00e9 un probl\u00e8me dans la commune ?<br>La mairie de Lenoncourt met \u00e0 votre disposition ce service pour nous permettre d\u2019intervenir rapidement et efficacement.<\/p>\n\n\n\n<p><strong>Quels types de probl\u00e8mes signaler ?<\/strong><\/p>\n\n\n\n<ul class=\"wp-block-list\">\n<li>Voirie (trou, chauss\u00e9e d\u00e9grad\u00e9e\u2026)<\/li>\n\n\n\n<li>\u00c9clairage public d\u00e9fectueux<\/li>\n\n\n\n<li>Propret\u00e9 \/ d\u00e9p\u00f4ts sauvages<\/li>\n\n\n\n<li>S\u00e9curit\u00e9 (mobilier urbain, signalisation\u2026)<\/li>\n\n\n\n<li>Espaces verts<\/li>\n\n\n\n<li>Autre situation n\u00e9cessitant une intervention<\/li>\n<\/ul>\n\n\n\n<p><\/p>\n\n\n\n<p><strong>Comment faire votre signalement ?<\/strong><\/p>\n\n\n\n<p>Merci de nous transmettre un maximum d\u2019informations :<\/p>\n\n\n\n<ul class=\"wp-block-list\">\n<li style=\"font-style:normal;font-weight:700\">Localisation pr\u00e9cise<\/li>\n\n\n\n<li style=\"font-style:normal;font-weight:700\">Description du probl\u00e8me<\/li>\n<\/ul>\n\n\n\n<p>Ces \u00e9l\u00e9ments nous permettront de traiter votre demande dans les meilleurs d\u00e9lais.<\/p>\n\n\n\n<p><\/p>\n\n\n\n<p>Chaque signalement est pris en compte et transmis aux services concern\u00e9s afin d\u2019apporter une r\u00e9ponse adapt\u00e9e dans les plus brefs d\u00e9lais. Votre participation est essentielle pour am\u00e9liorer le cadre de vie de notre commune.<br>Ensemble, contribuons \u00e0 un village plus s\u00fbr, plus propre et plus agr\u00e9able.<\/p>\n\n\n\n<div class=\"wp-block-contact-form-7-contact-form-selector\">\n<div class=\"wpcf7 no-js\" id=\"wpcf7-f1850-o1\" lang=\"fr-FR\" dir=\"ltr\" data-wpcf7-id=\"1850\">\n<div class=\"screen-reader-response\"><p role=\"status\" aria-live=\"polite\" aria-atomic=\"true\"><\/p> <ul><\/ul><\/div>\n<form action=\"\/index.php\/wp-json\/wp\/v2\/pages\/1452#wpcf7-f1850-o1\" method=\"post\" class=\"wpcf7-form init\" aria-label=\"Formulaire de contact\" novalidate=\"novalidate\" data-status=\"init\">\n<fieldset class=\"hidden-fields-container\"><input type=\"hidden\" name=\"_wpcf7\" value=\"1850\" \/><input type=\"hidden\" name=\"_wpcf7_version\" value=\"6.1.5\" \/><input type=\"hidden\" name=\"_wpcf7_locale\" value=\"fr_FR\" \/><input type=\"hidden\" name=\"_wpcf7_unit_tag\" value=\"wpcf7-f1850-o1\" \/><input type=\"hidden\" name=\"_wpcf7_container_post\" value=\"0\" \/><input type=\"hidden\" name=\"_wpcf7_posted_data_hash\" value=\"\" \/>\n<\/fieldset>\n<p><label> Votre nom<br \/>\n<span class=\"wpcf7-form-control-wrap\" data-name=\"your-name\"><input size=\"40\" maxlength=\"400\" class=\"wpcf7-form-control wpcf7-text wpcf7-validates-as-required\" autocomplete=\"name\" aria-required=\"true\" aria-invalid=\"false\" value=\"\" type=\"text\" name=\"your-name\" \/><\/span> <\/label>\n<\/p>\n<p><label> Votre e-mail<br \/>\n<span class=\"wpcf7-form-control-wrap\" data-name=\"your-email\"><input size=\"40\" maxlength=\"400\" class=\"wpcf7-form-control wpcf7-email wpcf7-validates-as-required wpcf7-text wpcf7-validates-as-email\" autocomplete=\"email\" aria-required=\"true\" aria-invalid=\"false\" value=\"\" type=\"email\" name=\"your-email\" \/><\/span> <\/label>\n<\/p>\n<p><label> Probl\u00e8me<br \/>\n<span class=\"wpcf7-form-control-wrap\" data-name=\"select-360\"><select class=\"wpcf7-form-control wpcf7-select\" aria-invalid=\"false\" name=\"select-360\"><option value=\"S\u00e9curit\u00e9\">S\u00e9curit\u00e9<\/option><option value=\"Propret\u00e9\">Propret\u00e9<\/option><option value=\"Eclairage publique\">Eclairage publique<\/option><option value=\"Voirie\">Voirie<\/option><option value=\"Autre\">Autre<\/option><\/select><\/span> <\/label>\n<\/p>\n<p><label> Description du probl\u00e8me<br \/>\n<span class=\"wpcf7-form-control-wrap\" data-name=\"your-message\"><textarea cols=\"40\" rows=\"10\" maxlength=\"2000\" class=\"wpcf7-form-control wpcf7-textarea\" aria-invalid=\"false\" name=\"your-message\"><\/textarea><\/span> <\/label>\n<\/p>\n<p><input class=\"wpcf7-form-control wpcf7-submit has-spinner\" type=\"submit\" value=\"Envoyer\" \/>\n<\/p><div class=\"wpcf7-response-output\" aria-hidden=\"true\"><\/div>\n<\/form>\n<\/div>\n<\/div>\n","protected":false},"excerpt":{"rendered":"<p>Vous avez constat\u00e9 un probl\u00e8me dans la commune ?La mairie de Lenoncourt met \u00e0 votre disposition ce service pour nous permettre d\u2019intervenir rapidement et efficacement. Quels types de probl\u00e8mes signaler ? Comment faire votre signalement ? Merci de nous transmettre un maximum d\u2019informations : Ces \u00e9l\u00e9ments nous permettront de traiter votre demande dans les meilleurs [&hellip;]<\/p>\n","protected":false},"author":1,"featured_media":0,"parent":0,"menu_order":0,"comment_status":"closed","ping_status":"closed","template":"","meta":{"footnotes":""},"class_list":["post-1452","page","type-page","status-publish","hentry"],"_links":{"self":[{"href":"https:\/\/prodtest.bouji.fr\/index.php\/wp-json\/wp\/v2\/pages\/1452","targetHints":{"allow":["GET"]}}],"collection":[{"href":"https:\/\/prodtest.bouji.fr\/index.php\/wp-json\/wp\/v2\/pages"}],"about":[{"href":"https:\/\/prodtest.bouji.fr\/index.php\/wp-json\/wp\/v2\/types\/page"}],"author":[{"embeddable":true,"href":"https:\/\/prodtest.bouji.fr\/index.php\/wp-json\/wp\/v2\/users\/1"}],"replies":[{"embeddable":true,"href":"https:\/\/prodtest.bouji.fr\/index.php\/wp-json\/wp\/v2\/comments?post=1452"}],"version-history":[{"count":3,"href":"https:\/\/prodtest.bouji.fr\/index.php\/wp-json\/wp\/v2\/pages\/1452\/revisions"}],"predecessor-version":[{"id":1854,"href":"https:\/\/prodtest.bouji.fr\/index.php\/wp-json\/wp\/v2\/pages\/1452\/revisions\/1854"}],"wp:attachment":[{"href":"https:\/\/prodtest.bouji.fr\/index.php\/wp-json\/wp\/v2\/media?parent=1452"}],"curies":[{"name":"wp","href":"https:\/\/api.w.org\/{rel}","templated":true}]}}